 base 7?
25011
What is -11001010101111 (base 2) in base 9?
-18716
-51b5 (base 16) to base 7
-114661
Convert -14435 (base 6) to base 15.
-a52
Convert 2163 (base 8) to base 3.
1120012
Convert a322 (base 12) to base 13.
80c6
1110011101010101 (base 2) to base 5
3343341
What is 10110 (base 3) in base 16?
5d
Convert 10011010111010 (base 2) to base 12.
58a2
-101a (base 11) to base 3
-1212002
What is 430 (base 10) in base 8?
656
What is 55026 (base 7) in base 16?
35ac
Convert -11671 (base 9) to base 4.
-1322200
Convert -3ba (base 14) to base 6.
-3252
-21450 (base 8) to base 7
-35145
Convert 2674 (base 11) to base 2.
110110001101
-9ad0 (base 15) to base 8
-100064
Convert -1003 (base 12) to base 11.
-1334
Convert 220330 (base 5) to base 6.
55050
What is 1162 (base 10) in base 2?
10010001010
Convert -4450 (base 7) to base 3.
-2012101
-101010001 (base 2) to base 5
-2322
What is -5579 (base 16) in base 13?
-9c62
994 (base 12) to base 9
1834
What is -1100101111100 (base 2) in base 13?
-2c7b
Convert 2020221 (base 4) to base 11.
6630
What is -345435 (base 6) in base 16?
-743f
3342 (base 6) to base 14
3dc
Convert 1010011001000000 (base 2) to base 6.
525012
-121023 (base 4) to base 14
-831
Convert 15008 (base 9) to base 6.
115142
-d48 (base 14) to base 9
-3522
Convert -40241 (base 7) to base 12.
-576b
Convert 2a86 (base 14) to base 15.
2396
296 (base 16) to base 3
220112
What is -3846 (base 10) in base 3?
-12021110
What is 8482 (base 9) in base 13?
2ab3
Convert 1020220 (base 3) to base 6.
4123
Convert 16035 (base 8) to base 2.
1110000011101
111011001 (base 2) to base 6
2105
What is -751 (base 8) in base 9?
-603
3471 (base 15) to base 8
25573
Convert -10001110111001 (base 2) to base 16.
-23b9
What is -14 (base 5) in base 14?
-9
-21440 (base 6) to base 5
-43401
-30203032 (base 4) to base 10
-51406
1388 (base 13) to base 5
42231
What is -16c (base 14) in base 10?
-292
Convert 5d6d (base 14) to base 2.
11111111101101
What is -25132 (base 7) in base 13?
-2ccb
What is -265141 (base 7) in base 13?
-1989a
Convert 8d3 (base 14) to base 4.
123121
What is 1011010000011101 (base 2) in base 4?
23100131
Convert -202221 (base 4) to base 6.
-14133
Convert 2126 (base 10) to base 16.
84e
What is 381 (base 9) in base 7?
631
Convert -2121111 (base 3) to base 6.
-12451
1011100010 (base 2) to base 12
516
Convert -4202 (base 6) to base 9.
-1252
-1101000011 (base 2) to base 9
-1127
573 (base 8) to base 12
277
What is 3053 (base 7) in base 2?
10000101011
Convert 1bab (base 16) to base 3.
100201100
5199 (base 11) to base 14
271a
What is 19 (base 11) in base 5?
40
What is 111232 (base 4) in base 8?
2556
Convert -38 (base 10) to base 16.
-26
Convert -1010000000100 (base 2) to base 11.
-3939
Convert 1123 (base 4) to base 5.
331
Convert -177 (base 16) to base 15.
-1a0
Convert -42040 (base 5) to base 4.
-223102
53435 (base 9) to base 16
8a14
Convert -247b (base 15) to base 13.
-36c5
3314 (base 11) to base 3
12222220
Convert -202020 (base 3) to base 7.
-1410
Convert -a9 (base 12) to base 9.
-153
2203020 (base 4) to base 11
7931
What is -423 (base 7) in base 3?
-21220
Convert -302512 (base 6) to base 12.
-11a38
What is -1817 (base 9) in base 14?
-717
What is -1100100001 (base 2) in base 16?
-321
What is -782 (base 12) in base 7?
-3140
Convert -3109 (base 16) to base 2.
-11000100001001
Convert 3859 (base 10) to base 13.
19ab
What is -3820 (base 11) in base 6?
-35023
-2053 (base 8) to base 3
-1110112
-3e8 (base 15) to base 7
-2414
Convert 1700 (base 9) to base 13.
789
What is 10111100100 (base 2) in base 3?
2001212
What is 2644 (base 12) in base 16?
1114
Convert -151 (base 15) to base 4.
-10231
-122241 (base 5) to base 10
-4696
Convert 20120 (base 3) to base 6.
453
Convert -1112000002 (base 3) to base 16.
-74c3
-640 (base 16) to base 10
-1600
-1604 (base 10) to base 12
-b18
What is -a7 (base 14) in base 11?
-124
5025 (base 6) to base 4
101021
11722 (base 8) to base 14
1bc6
-7a5 (base 14) to base 8
-2755
Convert -4a2 (base 11) to base 15.
-29b
Convert 5729 (base 12) to base 4.
2113101
330 (base 11) to base 6
1500
Convert -2e4f (base 16) to base 4.
-2321033
336a (base 12) to base 9
7731
Convert -229 (base 15) to base 16.
-1e9
10110011011 (base 2) to base 7
4120
11208 (base 9) to base 8
16444
11614 (base 9) to base 7
31465
Convert -2021010122 (base 3) to base 10.
-44567
What is -34aa (base 12) in base 10?
-5890
What is 320 (base 8) in base 5?
1313
-314221 (base 5) to base 8
-24501
What is 30055 (base 7) in base 6?
53311
What is 142521 (base 8) in base 3?
2120021212
Convert 792 (base 16) to base 9.
2583
2bd9 (base 16) to base 10
11225
What is -68cb (base 13) in base 9?
-22144
What is 30220010 (base 4) in base 14?
14bc0
21 (base 15) to base 11
29
Convert -11754 (base 9) to base 8.
-17342
Convert 21a (base 11) to base 6.
1115
1122 (base 6) to base 10
266
Convert 132 (base 15) to base 5.
2042
-907 (base 12) to base 14
-691
Convert -506 (base 10) to base 9.
-622
What is -111041 (base 5) in base 6?
-30012
4c04 (base 15) to base 10
16204
-5c0 (base 15) to base 11
-a87
What is 1002300 (base 4) in base 16?
10b0
754 (base 10) to base 14
3bc
-e90 (base 15) to base 6
-23113
What is 2cc2 (base 14) in base 2?
1111101001010
What is -314334 (base 5) in base 8?
-24542
-1a8 (base 11) to base 4
-3233
What is -2355 (base 11) in base 4?
-300031
Convert 1010011000101 (base 2) to base 8.
12305
What is -6a4 (base 11) in base 6?
-3520
What is -2503 (base 7) in base 16?
-3a6
What is 5 (base 10) in base 4?
11
-10001111111 (base 2) to base 7
-3233
2033 (base 7) to base 16
2c6
-755 (base 10) to base 6
-3255
What is -120200 (base 3) in base 2?
-110100111
-387 (base 16) to base 7
-2430
Convert -12b1 (base 13) to base 11.
-2016
Convert 1100100010000110 (base 2) to base 9.
77367
1d00 (base 14) to base 15
187c
2223134 (base 5) to base 7
222124
What is 100112112 (base 3) in base 11?
5251
Convert 1213 (base 7) to base 2.
111000011
-300 (base 13) to base 14
-283
-10022002 (base 4) to base 7
-100432
What is 17a55 (base 11) in base 2?
110001010001100
What is -24214 (base 5) in base 4?
-130101
What is -a21 (base 13) in base 4?
-122311
Convert -4c32 (base 14) to base 8.
-32074
Convert 10044 (base 8) to base 13.
1b5b
Convert 3c97 (base 16) to base 14.
591d
23 (base 16) to base 13
29
Convert -7c60 (base 13) to base 14.
-652d
What is -e8 (base 15) in base 11?
-189
Convert -284c (base 16) to base 6.
-115432
1230 (base 9) to base 13
558
What is 14640 (base 7) in base 3?
12121200
Convert 10535 (base 6) to base 3.
2001112
-1a29 (base 14) to base 9
-6447
Convert 6da (base 16) to base 15.
7be
Convert 11818 (base 9) to base 15.
2555
What is 1002032 (base 4) in base 7?
15233
-20534 (base 6) to base 3
-10211111
Convert 1133320 (base 4) to base 12.
3674
What is -431213 (base 5) in base 8?
-34336
What is bc94 (base 16) in base 11?
332a8
What is -12206 (base 7) in base 4?
-301313
Convert 10100101000000 (base 2) to base 11.
7a30
20993 (base 11) to base 9
45718
-1010010000 (base 2) to base 13
-3b6
What is -5134 (base 6) in base 10?
-1138
20110002 (base 4) to base 16
8502
Convert -110003023 (base 4) to base 11.
-56778
2301023 (base 4) to base 14
41bd
-40235 (base 6) to base 4
-1102133
What is 176 (base 15) in base 12?
240
What is 1317 (base 9) in base 6?
4324
What is -248 (base 13) in base 2?
-110001110
Convert 909 (base 10) to base 7.
2436
Convert 32701 (base 8) to base 10.
13761
Convert 212102 (base 4) to base 12.
1502
Convert 343 (base 10) to base 2.
101010111
-3698 (base 11) to base 2
-1001011011010
-1432 (base 5) to base 15
-112
Convert 2b6 (base 13) to base 4.
13213
11230 (base 8) to base 14
1a40
Convert -12300 (base 6) to base 2.
-11100101100
Convert -56531 (base 8) to base 2.
-101110101011001
Convert ca7 (base 13) to base 3.
2222012
Convert 2001142 (base 5) to base 9.
47083
Convert -152 (base 15) to base 2.
-100101110
-19b (base 12) to base 7
-524
What is -2960 (base 11) in base 8?
-7351
Convert 2823 (base 13) to base 11.
4380
What is 1731 (base 8) in base 16?
3d9
-131003 (base 4) to base 9
-2485
Convert -11111111101 (base 2) to base 5.
-31140
-1011110100110 (base 2) to base 8
-13646
What is -111100100001 (base 2) in base 12?
-22a9
1909 (base 14) to base 10
4517
-121 (base 8) to base 4
-1101
What is -379 (base 16) in base 3?
-1012221
Convert 2